{"id":77,"date":"2020-09-16T21:49:54","date_gmt":"2020-09-16T19:49:54","guid":{"rendered":"http:\/\/www.lesecuriesduredon.fr\/wp3\/?page_id=77"},"modified":"2022-09-08T15:46:34","modified_gmt":"2022-09-08T13:46:34","slug":"autres","status":"publish","type":"page","link":"https:\/\/www.lesecuriesduredon.fr\/index.php\/autres\/","title":{"rendered":"Autres"},"content":{"rendered":"\t\t<div data-elementor-type=\"wp-page\" data-elementor-id=\"77\" class=\"elementor elementor-77\">\n\t\t\t\t\t\t<section class=\"elementor-section elementor-top-section elementor-element elementor-element-e210ba8 elementor-section-boxed elementor-section-height-default elementor-section-height-default\" data-id=\"e210ba8\" data-element_type=\"section\">\n\t\t\t\t\t\t<div class=\"elementor-container elementor-column-gap-default\">\n\t\t\t\t\t<div class=\"elementor-column elementor-col-100 elementor-top-column elementor-element elementor-element-a75ce7c\" data-id=\"a75ce7c\" data-element_type=\"column\">\n\t\t\t<div class=\"elementor-widget-wrap elementor-element-populated\">\n\t\t\t\t\t\t<div class=\"elementor-element elementor-element-d29be7b elementor-widget elementor-widget-heading\" data-id=\"d29be7b\" data-element_type=\"widget\" data-widget_type=\"heading.default\">\n\t\t\t\t<div class=\"elementor-widget-container\">\n\t\t\t\t\t<h2 class=\"elementor-heading-title elementor-size-default\">AUTRES PRESTATIONS<\/h2>\t\t\t\t<\/div>\n\t\t\t\t<\/div>\n\t\t\t\t\t<\/div>\n\t\t<\/div>\n\t\t\t\t\t<\/div>\n\t\t<\/section>\n\t\t\t\t<section class=\"elementor-section elementor-top-section elementor-element elementor-element-03f3e7c elementor-section-boxed elementor-section-height-default elementor-section-height-default\" data-id=\"03f3e7c\" data-element_type=\"section\">\n\t\t\t\t\t\t<div class=\"elementor-container elementor-column-gap-default\">\n\t\t\t\t\t<div class=\"elementor-column elementor-col-100 elementor-top-column elementor-element elementor-element-59c64e1\" data-id=\"59c64e1\" data-element_type=\"column\">\n\t\t\t<div class=\"elementor-widget-wrap elementor-element-populated\">\n\t\t\t\t\t\t<div class=\"elementor-element elementor-element-347b3c5 elementor-widget elementor-widget-spacer\" data-id=\"347b3c5\" data-element_type=\"widget\" data-widget_type=\"spacer.default\">\n\t\t\t\t<div class=\"elementor-widget-container\">\n\t\t\t\t\t\t\t<div class=\"elementor-spacer\">\n\t\t\t<div class=\"elementor-spacer-inner\"><\/div>\n\t\t<\/div>\n\t\t\t\t\t\t<\/div>\n\t\t\t\t<\/div>\n\t\t\t\t\t<\/div>\n\t\t<\/div>\n\t\t\t\t\t<\/div>\n\t\t<\/section>\n\t\t\t\t<section class=\"elementor-section elementor-top-section elementor-element elementor-element-4009e46 elementor-section-boxed elementor-section-height-default elementor-section-height-default\" data-id=\"4009e46\" data-element_type=\"section\">\n\t\t\t\t\t\t<div class=\"elementor-container elementor-column-gap-default\">\n\t\t\t\t\t<div class=\"elementor-column elementor-col-33 elementor-top-column elementor-element elementor-element-2146441\" data-id=\"2146441\" data-element_type=\"column\">\n\t\t\t<div class=\"elementor-widget-wrap elementor-element-populated\">\n\t\t\t\t\t\t<div class=\"elementor-element elementor-element-e34c202 elementor-widget elementor-widget-heading\" data-id=\"e34c202\" data-element_type=\"widget\" data-widget_type=\"heading.default\">\n\t\t\t\t<div class=\"elementor-widget-container\">\n\t\t\t\t\t<h2 class=\"elementor-heading-title elementor-size-default\">Soins aux chevaux<\/h2>\t\t\t\t<\/div>\n\t\t\t\t<\/div>\n\t\t\t\t<div class=\"elementor-element elementor-element-dbf485e elementor-widget elementor-widget-text-editor\" data-id=\"dbf485e\" data-element_type=\"widget\" data-widget_type=\"text-editor.default\">\n\t\t\t\t<div class=\"elementor-widget-container\">\n\t\t\t\t\t\t\t\t\t<p><strong>Soins v\u00e9t\u00e9rinaires :<\/strong> <!--<\/p--><\/p><ul><li>1 semaine : 25\u20ac<\/li><li>1 mois : 85\u20ac<\/li><\/ul><div><b>Tonte compl\u00e8te :<\/b> 70\u20ac<b><br \/>Demi tonte :<\/b> 50\u20ac<\/div><div>\u00a0<\/div><div><p><b>Pansage, tressage, mise de protections et couverture :<\/b><\/p><\/div><ul><li>Acte : 5\u20ac<\/li><li>Mensuel : 25\u20ac<\/li><\/ul>\t\t\t\t\t\t\t\t<\/div>\n\t\t\t\t<\/div>\n\t\t\t\t\t<\/div>\n\t\t<\/div>\n\t\t\t\t<div class=\"elementor-column elementor-col-66 elementor-top-column elementor-element elementor-element-f6e84c1\" data-id=\"f6e84c1\" data-element_type=\"column\">\n\t\t\t<div class=\"elementor-widget-wrap elementor-element-populated\">\n\t\t\t\t\t\t<div class=\"elementor-element elementor-element-6d38c5c elementor-widget elementor-widget-image\" data-id=\"6d38c5c\" data-element_type=\"widget\" data-widget_type=\"image.default\">\n\t\t\t\t<div class=\"elementor-widget-container\">\n\t\t\t\t\t\t\t\t\t\t\t\t\t\t\t<img fetchpriority=\"high\" decoding=\"async\" width=\"960\" height=\"565\" src=\"https:\/\/www.lesecuriesduredon.fr\/wp-content\/uploads\/2022\/09\/72564810_1510222902458776_2303989821019783168_n.jpg\" class=\"attachment-full size-full wp-image-535\" alt=\"\" srcset=\"https:\/\/www.lesecuriesduredon.fr\/wp-content\/uploads\/2022\/09\/72564810_1510222902458776_2303989821019783168_n.jpg 960w, https:\/\/www.lesecuriesduredon.fr\/wp-content\/uploads\/2022\/09\/72564810_1510222902458776_2303989821019783168_n-300x177.jpg 300w, https:\/\/www.lesecuriesduredon.fr\/wp-content\/uploads\/2022\/09\/72564810_1510222902458776_2303989821019783168_n-768x452.jpg 768w\" sizes=\"(max-width: 960px) 100vw, 960px\" \/>\t\t\t\t\t\t\t\t\t\t\t\t\t\t\t<\/div>\n\t\t\t\t<\/div>\n\t\t\t\t\t<\/div>\n\t\t<\/div>\n\t\t\t\t\t<\/div>\n\t\t<\/section>\n\t\t\t\t<section class=\"elementor-section elementor-top-section elementor-element elementor-element-bfdb7b6 elementor-section-boxed elementor-section-height-default elementor-section-height-default\" data-id=\"bfdb7b6\" data-element_type=\"section\">\n\t\t\t\t\t\t<div class=\"elementor-container elementor-column-gap-default\">\n\t\t\t\t\t<div class=\"elementor-column elementor-col-33 elementor-top-column elementor-element elementor-element-7bf1d52\" data-id=\"7bf1d52\" data-element_type=\"column\">\n\t\t\t<div class=\"elementor-widget-wrap elementor-element-populated\">\n\t\t\t\t\t\t<div class=\"elementor-element elementor-element-de5f023 elementor-widget elementor-widget-heading\" data-id=\"de5f023\" data-element_type=\"widget\" data-widget_type=\"heading.default\">\n\t\t\t\t<div class=\"elementor-widget-container\">\n\t\t\t\t\t<h2 class=\"elementor-heading-title elementor-size-default\">Transport<\/h2>\t\t\t\t<\/div>\n\t\t\t\t<\/div>\n\t\t\t\t<div class=\"elementor-element elementor-element-53ce21e elementor-widget elementor-widget-text-editor\" data-id=\"53ce21e\" data-element_type=\"widget\" data-widget_type=\"text-editor.default\">\n\t\t\t\t<div class=\"elementor-widget-container\">\n\t\t\t\t\t\t\t\t\t<ul><li>1 cheval : 1\u20ac \/ km<\/li><li>2 chevaux : 0,75\u20ac \/ km<\/li><\/ul><div>\u00a0<\/div>\t\t\t\t\t\t\t\t<\/div>\n\t\t\t\t<\/div>\n\t\t\t\t\t<\/div>\n\t\t<\/div>\n\t\t\t\t<div class=\"elementor-column elementor-col-66 elementor-top-column elementor-element elementor-element-a8a9ca4\" data-id=\"a8a9ca4\" data-element_type=\"column\">\n\t\t\t<div class=\"elementor-widget-wrap\">\n\t\t\t\t\t\t\t<\/div>\n\t\t<\/div>\n\t\t\t\t\t<\/div>\n\t\t<\/section>\n\t\t\t\t<\/div>\n\t\t","protected":false},"excerpt":{"rendered":"<p>AUTRES PRESTATIONS Soins aux chevaux Soins v\u00e9t\u00e9rinaires : 1 semaine : 25\u20ac 1 mois : 85\u20ac Tonte compl\u00e8te : 70\u20acDemi tonte : 50\u20ac\u00a0 Pansage, tressage, mise de protections et couverture : Acte : 5\u20ac Mensuel : 25\u20ac Transport 1 cheval : 1\u20ac \/ km 2 chevaux : 0,75\u20ac \/ km \u00a0<\/p>\n","protected":false},"author":1,"featured_media":0,"parent":0,"menu_order":0,"comment_status":"closed","ping_status":"closed","template":"","meta":{"ocean_post_layout":"","ocean_both_sidebars_style":"","ocean_both_sidebars_content_width":0,"ocean_both_sidebars_sidebars_width":0,"ocean_sidebar":"0","ocean_second_sidebar":"0","ocean_disable_margins":"enable","ocean_add_body_class":"","ocean_shortcode_before_top_bar":"","ocean_shortcode_after_top_bar":"","ocean_shortcode_before_header":"","ocean_shortcode_after_header":"","ocean_has_shortcode":"","ocean_shortcode_after_title":"","ocean_shortcode_before_footer_widgets":"","ocean_shortcode_after_footer_widgets":"","ocean_shortcode_before_footer_bottom":"","ocean_shortcode_after_footer_bottom":"","ocean_display_top_bar":"default","ocean_display_header":"default","ocean_header_style":"","ocean_center_header_left_menu":"0","ocean_custom_header_template":"0","ocean_custom_logo":0,"ocean_custom_retina_logo":0,"ocean_custom_logo_max_width":0,"ocean_custom_logo_tablet_max_width":0,"ocean_custom_logo_mobile_max_width":0,"ocean_custom_logo_max_height":0,"ocean_custom_logo_tablet_max_height":0,"ocean_custom_logo_mobile_max_height":0,"ocean_header_custom_menu":"0","ocean_menu_typo_font_family":"0","ocean_menu_typo_font_subset":"","ocean_menu_typo_font_size":0,"ocean_menu_typo_font_size_tablet":0,"ocean_menu_typo_font_size_mobile":0,"ocean_menu_typo_font_size_unit":"px","ocean_menu_typo_font_weight":"","ocean_menu_typo_font_weight_tablet":"","ocean_menu_typo_font_weight_mobile":"","ocean_menu_typo_transform":"","ocean_menu_typo_transform_tablet":"","ocean_menu_typo_transform_mobile":"","ocean_menu_typo_line_height":0,"ocean_menu_typo_line_height_tablet":0,"ocean_menu_typo_line_height_mobile":0,"ocean_menu_typo_line_height_unit":"","ocean_menu_typo_spacing":0,"ocean_menu_typo_spacing_tablet":0,"ocean_menu_typo_spacing_mobile":0,"ocean_menu_typo_spacing_unit":"","ocean_menu_link_color":"","ocean_menu_link_color_hover":"","ocean_menu_link_color_active":"","ocean_menu_link_background":"","ocean_menu_link_hover_background":"","ocean_menu_link_active_background":"","ocean_menu_social_links_bg":"","ocean_menu_social_hover_links_bg":"","ocean_menu_social_links_color":"","ocean_menu_social_hover_links_color":"","ocean_disable_title":"default","ocean_disable_heading":"default","ocean_post_title":"","ocean_post_subheading":"","ocean_post_title_style":"","ocean_post_title_background_color":"","ocean_post_title_background":0,"ocean_post_title_bg_image_position":"","ocean_post_title_bg_image_attachment":"","ocean_post_title_bg_image_repeat":"","ocean_post_title_bg_image_size":"","ocean_post_title_height":0,"ocean_post_title_bg_overlay":0.5,"ocean_post_title_bg_overlay_color":"","ocean_disable_breadcrumbs":"default","ocean_breadcrumbs_color":"","ocean_breadcrumbs_separator_color":"","ocean_breadcrumbs_links_color":"","ocean_breadcrumbs_links_hover_color":"","ocean_display_footer_widgets":"default","ocean_display_footer_bottom":"default","ocean_custom_footer_template":"0","footnotes":""},"yoast_head":"<!-- This site is optimized with the Yoast SEO plugin v24.5 - https:\/\/yoast.com\/wordpress\/plugins\/seo\/ -->\n<title>Autres - Les \u00e9curies du Redon<\/title>\n<meta name=\"robots\" content=\"index, follow, max-snippet:-1, max-image-preview:large, max-video-preview:-1\" \/>\n<link rel=\"canonical\" href=\"https:\/\/www.lesecuriesduredon.fr\/index.php\/autres\/\" \/>\n<meta property=\"og:locale\" content=\"fr_FR\" \/>\n<meta property=\"og:type\" content=\"article\" \/>\n<meta property=\"og:title\" content=\"Autres - Les \u00e9curies du Redon\" \/>\n<meta property=\"og:description\" content=\"AUTRES PRESTATIONS Soins aux chevaux Soins v\u00e9t\u00e9rinaires : 1 semaine : 25\u20ac 1 mois : 85\u20ac Tonte compl\u00e8te : 70\u20acDemi tonte : 50\u20ac\u00a0 Pansage, tressage, mise de protections et couverture : Acte : 5\u20ac Mensuel : 25\u20ac Transport 1 cheval : 1\u20ac \/ km 2 chevaux : 0,75\u20ac \/ km \u00a0\" \/>\n<meta property=\"og:url\" content=\"https:\/\/www.lesecuriesduredon.fr\/index.php\/autres\/\" \/>\n<meta property=\"og:site_name\" content=\"Les \u00e9curies du Redon\" \/>\n<meta property=\"article:modified_time\" content=\"2022-09-08T13:46:34+00:00\" \/>\n<meta property=\"og:image\" content=\"https:\/\/www.lesecuriesduredon.fr\/wp-content\/uploads\/2022\/09\/72564810_1510222902458776_2303989821019783168_n.jpg\" \/>\n<meta name=\"twitter:card\" content=\"summary_large_image\" \/>\n<meta name=\"twitter:label1\" content=\"Dur\u00e9e de lecture estim\u00e9e\" \/>\n\t<meta name=\"twitter:data1\" content=\"1 minute\" \/>\n<script type=\"application\/ld+json\" class=\"yoast-schema-graph\">{\"@context\":\"https:\/\/schema.org\",\"@graph\":[{\"@type\":\"WebPage\",\"@id\":\"https:\/\/www.lesecuriesduredon.fr\/index.php\/autres\/\",\"url\":\"https:\/\/www.lesecuriesduredon.fr\/index.php\/autres\/\",\"name\":\"Autres - Les \u00e9curies du Redon\",\"isPartOf\":{\"@id\":\"https:\/\/www.lesecuriesduredon.fr\/#website\"},\"primaryImageOfPage\":{\"@id\":\"https:\/\/www.lesecuriesduredon.fr\/index.php\/autres\/#primaryimage\"},\"image\":{\"@id\":\"https:\/\/www.lesecuriesduredon.fr\/index.php\/autres\/#primaryimage\"},\"thumbnailUrl\":\"https:\/\/www.lesecuriesduredon.fr\/wp-content\/uploads\/2022\/09\/72564810_1510222902458776_2303989821019783168_n.jpg\",\"datePublished\":\"2020-09-16T19:49:54+00:00\",\"dateModified\":\"2022-09-08T13:46:34+00:00\",\"breadcrumb\":{\"@id\":\"https:\/\/www.lesecuriesduredon.fr\/index.php\/autres\/#breadcrumb\"},\"inLanguage\":\"fr-FR\",\"potentialAction\":[{\"@type\":\"ReadAction\",\"target\":[\"https:\/\/www.lesecuriesduredon.fr\/index.php\/autres\/\"]}]},{\"@type\":\"ImageObject\",\"inLanguage\":\"fr-FR\",\"@id\":\"https:\/\/www.lesecuriesduredon.fr\/index.php\/autres\/#primaryimage\",\"url\":\"https:\/\/www.lesecuriesduredon.fr\/wp-content\/uploads\/2022\/09\/72564810_1510222902458776_2303989821019783168_n.jpg\",\"contentUrl\":\"https:\/\/www.lesecuriesduredon.fr\/wp-content\/uploads\/2022\/09\/72564810_1510222902458776_2303989821019783168_n.jpg\",\"width\":960,\"height\":565},{\"@type\":\"BreadcrumbList\",\"@id\":\"https:\/\/www.lesecuriesduredon.fr\/index.php\/autres\/#breadcrumb\",\"itemListElement\":[{\"@type\":\"ListItem\",\"position\":1,\"name\":\"Accueil\",\"item\":\"https:\/\/www.lesecuriesduredon.fr\/\"},{\"@type\":\"ListItem\",\"position\":2,\"name\":\"Autres\"}]},{\"@type\":\"WebSite\",\"@id\":\"https:\/\/www.lesecuriesduredon.fr\/#website\",\"url\":\"https:\/\/www.lesecuriesduredon.fr\/\",\"name\":\"Les \u00e9curies du Redon\",\"description\":\"\",\"publisher\":{\"@id\":\"https:\/\/www.lesecuriesduredon.fr\/#organization\"},\"potentialAction\":[{\"@type\":\"SearchAction\",\"target\":{\"@type\":\"EntryPoint\",\"urlTemplate\":\"https:\/\/www.lesecuriesduredon.fr\/?s={search_term_string}\"},\"query-input\":{\"@type\":\"PropertyValueSpecification\",\"valueRequired\":true,\"valueName\":\"search_term_string\"}}],\"inLanguage\":\"fr-FR\"},{\"@type\":\"Organization\",\"@id\":\"https:\/\/www.lesecuriesduredon.fr\/#organization\",\"name\":\"Les \u00e9curies du Redon\",\"url\":\"https:\/\/www.lesecuriesduredon.fr\/\",\"logo\":{\"@type\":\"ImageObject\",\"inLanguage\":\"fr-FR\",\"@id\":\"https:\/\/www.lesecuriesduredon.fr\/#\/schema\/logo\/image\/\",\"url\":\"https:\/\/www.lesecuriesduredon.fr\/wp-content\/uploads\/2020\/09\/cropped-logo-le-redon-7.png\",\"contentUrl\":\"https:\/\/www.lesecuriesduredon.fr\/wp-content\/uploads\/2020\/09\/cropped-logo-le-redon-7.png\",\"width\":177,\"height\":163,\"caption\":\"Les \u00e9curies du Redon\"},\"image\":{\"@id\":\"https:\/\/www.lesecuriesduredon.fr\/#\/schema\/logo\/image\/\"}}]}<\/script>\n<!-- \/ Yoast SEO plugin. -->","yoast_head_json":{"title":"Autres - Les \u00e9curies du Redon","robots":{"index":"index","follow":"follow","max-snippet":"max-snippet:-1","max-image-preview":"max-image-preview:large","max-video-preview":"max-video-preview:-1"},"canonical":"https:\/\/www.lesecuriesduredon.fr\/index.php\/autres\/","og_locale":"fr_FR","og_type":"article","og_title":"Autres - Les \u00e9curies du Redon","og_description":"AUTRES PRESTATIONS Soins aux chevaux Soins v\u00e9t\u00e9rinaires : 1 semaine : 25\u20ac 1 mois : 85\u20ac Tonte compl\u00e8te : 70\u20acDemi tonte : 50\u20ac\u00a0 Pansage, tressage, mise de protections et couverture : Acte : 5\u20ac Mensuel : 25\u20ac Transport 1 cheval : 1\u20ac \/ km 2 chevaux : 0,75\u20ac \/ km \u00a0","og_url":"https:\/\/www.lesecuriesduredon.fr\/index.php\/autres\/","og_site_name":"Les \u00e9curies du Redon","article_modified_time":"2022-09-08T13:46:34+00:00","og_image":[{"url":"https:\/\/www.lesecuriesduredon.fr\/wp-content\/uploads\/2022\/09\/72564810_1510222902458776_2303989821019783168_n.jpg","type":"","width":"","height":""}],"twitter_card":"summary_large_image","twitter_misc":{"Dur\u00e9e de lecture estim\u00e9e":"1 minute"},"schema":{"@context":"https:\/\/schema.org","@graph":[{"@type":"WebPage","@id":"https:\/\/www.lesecuriesduredon.fr\/index.php\/autres\/","url":"https:\/\/www.lesecuriesduredon.fr\/index.php\/autres\/","name":"Autres - Les \u00e9curies du Redon","isPartOf":{"@id":"https:\/\/www.lesecuriesduredon.fr\/#website"},"primaryImageOfPage":{"@id":"https:\/\/www.lesecuriesduredon.fr\/index.php\/autres\/#primaryimage"},"image":{"@id":"https:\/\/www.lesecuriesduredon.fr\/index.php\/autres\/#primaryimage"},"thumbnailUrl":"https:\/\/www.lesecuriesduredon.fr\/wp-content\/uploads\/2022\/09\/72564810_1510222902458776_2303989821019783168_n.jpg","datePublished":"2020-09-16T19:49:54+00:00","dateModified":"2022-09-08T13:46:34+00:00","breadcrumb":{"@id":"https:\/\/www.lesecuriesduredon.fr\/index.php\/autres\/#breadcrumb"},"inLanguage":"fr-FR","potentialAction":[{"@type":"ReadAction","target":["https:\/\/www.lesecuriesduredon.fr\/index.php\/autres\/"]}]},{"@type":"ImageObject","inLanguage":"fr-FR","@id":"https:\/\/www.lesecuriesduredon.fr\/index.php\/autres\/#primaryimage","url":"https:\/\/www.lesecuriesduredon.fr\/wp-content\/uploads\/2022\/09\/72564810_1510222902458776_2303989821019783168_n.jpg","contentUrl":"https:\/\/www.lesecuriesduredon.fr\/wp-content\/uploads\/2022\/09\/72564810_1510222902458776_2303989821019783168_n.jpg","width":960,"height":565},{"@type":"BreadcrumbList","@id":"https:\/\/www.lesecuriesduredon.fr\/index.php\/autres\/#breadcrumb","itemListElement":[{"@type":"ListItem","position":1,"name":"Accueil","item":"https:\/\/www.lesecuriesduredon.fr\/"},{"@type":"ListItem","position":2,"name":"Autres"}]},{"@type":"WebSite","@id":"https:\/\/www.lesecuriesduredon.fr\/#website","url":"https:\/\/www.lesecuriesduredon.fr\/","name":"Les \u00e9curies du Redon","description":"","publisher":{"@id":"https:\/\/www.lesecuriesduredon.fr\/#organization"},"potentialAction":[{"@type":"SearchAction","target":{"@type":"EntryPoint","urlTemplate":"https:\/\/www.lesecuriesduredon.fr\/?s={search_term_string}"},"query-input":{"@type":"PropertyValueSpecification","valueRequired":true,"valueName":"search_term_string"}}],"inLanguage":"fr-FR"},{"@type":"Organization","@id":"https:\/\/www.lesecuriesduredon.fr\/#organization","name":"Les \u00e9curies du Redon","url":"https:\/\/www.lesecuriesduredon.fr\/","logo":{"@type":"ImageObject","inLanguage":"fr-FR","@id":"https:\/\/www.lesecuriesduredon.fr\/#\/schema\/logo\/image\/","url":"https:\/\/www.lesecuriesduredon.fr\/wp-content\/uploads\/2020\/09\/cropped-logo-le-redon-7.png","contentUrl":"https:\/\/www.lesecuriesduredon.fr\/wp-content\/uploads\/2020\/09\/cropped-logo-le-redon-7.png","width":177,"height":163,"caption":"Les \u00e9curies du Redon"},"image":{"@id":"https:\/\/www.lesecuriesduredon.fr\/#\/schema\/logo\/image\/"}}]}},"_links":{"self":[{"href":"https:\/\/www.lesecuriesduredon.fr\/index.php\/wp-json\/wp\/v2\/pages\/77"}],"collection":[{"href":"https:\/\/www.lesecuriesduredon.fr\/index.php\/wp-json\/wp\/v2\/pages"}],"about":[{"href":"https:\/\/www.lesecuriesduredon.fr\/index.php\/wp-json\/wp\/v2\/types\/page"}],"author":[{"embeddable":true,"href":"https:\/\/www.lesecuriesduredon.fr\/index.php\/wp-json\/wp\/v2\/users\/1"}],"replies":[{"embeddable":true,"href":"https:\/\/www.lesecuriesduredon.fr\/index.php\/wp-json\/wp\/v2\/comments?post=77"}],"version-history":[{"count":29,"href":"https:\/\/www.lesecuriesduredon.fr\/index.php\/wp-json\/wp\/v2\/pages\/77\/revisions"}],"predecessor-version":[{"id":544,"href":"https:\/\/www.lesecuriesduredon.fr\/index.php\/wp-json\/wp\/v2\/pages\/77\/revisions\/544"}],"wp:attachment":[{"href":"https:\/\/www.lesecuriesduredon.fr\/index.php\/wp-json\/wp\/v2\/media?parent=77"}],"curies":[{"name":"wp","href":"https:\/\/api.w.org\/{rel}","templated":true}]}}